
Suppose 33*p - 130 - 365 = 0. What is the highest common factor of 759 and p?
3
Let c be (-1 - (-36)/2)*19. Suppose -9119 - 35742 = -1506*b - 3199 + 15566. Calculate the greatest common divisor of b and c.
19
Let l(h) = -2*h**3 + 3*h**2 - h - 4. Let u be l(-4). Suppose -572*o + 574*o - 4*q - 220 = 0, -4*o + 440 = -q. Calculate the highest common factor of u and o.
22
Let z = -499 + 281. Let j = 235 + z. Calculate the highest common factor of j and 85.
17
Let d = 3328 - 744. What is the highest common divisor of d and 17?
17
Let s(p) = 64*p - 6978. Let u be s(111). Suppose -4*j - 20 = 0, -2*z + j + 47 = 6. Calculate the greatest common divisor of z and u.
18
Suppose -526*f + 530*f - 909 = -c, -4*f - 2*c + 906 = 0. Calculate the greatest common divisor of f and 12.
12
Suppose -28*x - 25*x + 819 = -40*x. Calculate the highest common factor of 322 and x.
7
Suppose 0 = -3*f - 2*f + 775. Suppose -i = 6*t - 114, -58*t + 57*t + 3*i + 38 = 0. Calculate the greatest common factor of f and t.
5
Let q(b) = -b**3 + 3*b**2 - b + 7. Let m be q(-3). Suppose 0 = -0*d - 2*d + m. What is the highest common divisor of d and 80?
16
Let k be 3/((-42)/(-4)) - 256/112. Let p be 24*(12/(-9))/k. Calculate the highest common divisor of p and 624.
16
Suppose 0 - 12 = -4*y - r, -5*y + 5*r = -40. Suppose -y*g + 30 = i, -5*i + 3 = -7. Let d be (5 - 17)*(-42)/9. What is the highest common factor of d and g?
7
Let s(k) = 6*k**3 - 45*k**2 - 16*k + 54. Let t be s(12). What is the greatest common factor of 240 and t?
30
Let k = -589 + 3193. Calculate the highest common divisor of 21 and k.
21
Let k(g) = -12*g**2 + 273*g + 78. Let s be k(23). Suppose 0 = u + 5*y - 0*y - 94, -498 = -5*u + 3*y. Calculate the greatest common factor of u and s.
9
Let q = -12670 + 12740. Calculate the greatest common factor of 590 and q.
10
Let i(g) = g + 4. Let d be i(12). Suppose -5*s + 15 = 0, -o - d = -3*o + 4*s. Let k = 57 - 22. Calculate the highest common factor of o and k.
7
Suppose 2*l + 18 = 4*w - 2, l + 4 = 0. Suppose 0 = -5*v + 2 + w, 5*v = -2*q + 9. Suppose 2*s - 4*s + q = 0. What is the greatest common divisor of s and 3?
1
Let k(p) = 7*p**2 - 225*p + 193. Let u be k(32). Calculate the greatest common divisor of 2 and u.
1
Let s(y) = 18*y + 47. Let b be s(4). Suppose b - 35 = 7*r. Calculate the highest common divisor of r and 228.
12
Let w(z) = -z**2 - 33*z - 143. Let s be w(-6). What is the highest common factor of 6593 and s?
19
Let i be 57*((-1914)/(-18))/11. Suppose -i = -7*j - 26. Calculate the highest common divisor of 165 and j.
15
Suppose 22394 = 230*x + 314. What is the highest common divisor of x and 276?
12
Suppose 5*o + 2*l - 54 = -18, 2*o + 4*l = 8. Let q = 36 - o. Suppose 13*z - q = 11*z. What is the highest common divisor of z and 154?
14
Let x = 1152 + -1048. What is the highest common divisor of 780 and x?
52
Let g(p) = -p + 83. Let r = 133 + -167. Let k be g(r). What is the highest common divisor of 143 and k?
13
Let g = 52938 - 52910. Let m(k) = k**3 - 5*k**2 - 1. Let d be m(6). What is the highest common divisor of d and g?
7
Let p = 14 - 7. Suppose -68*o - 65*o + 119*o - 26*o + 160 = 0. What is the greatest common factor of p and o?
1
Suppose -2*f = g - 9, -7*g = -12*g + 5*f + 75. Calculate the highest common divisor of g and 5525.
13
Suppose -3*h + h + 22 = 0. Let w = 25 - h. Let z be ((-22)/(-44))/((-2)/(-8)). What is the highest common divisor of w and z?
2
Let c = 18 - 30. Let s be 4/(-16)*3*c. Let d be (-1)/3*-3 + 8. Calculate the highest common factor of d and s.
9
Suppose -5*a + 1536 = -3*a. Let j = 6351 - 6327. Calculate the highest common divisor of j and a.
24
Suppose -15*p = -18*p. Suppose 0 = 2*o - 4*i - 602, -3*o + p*i - i + 882 = 0. Calculate the highest common factor of o and 5.
5
Let u(b) = -23*b + 509. Let g(l) = 13*l - 256. Let c(x) = 5*g(x) + 2*u(x). Let a be c(16). Calculate the highest common factor of 798 and a.
42
Let f(k) = 5634*k**2 + 15*k + 6. Let o be f(-1). Calculate the greatest common divisor of 9 and o.
9
Suppose 0 = -5*l - 3*g + 8055, 2*l + 42*g - 3222 = 38*g. What is the highest common factor of 27 and l?
9
Let q = 288 - 6. Suppose 2*u + 0*u + 160 = -5*o, -3*u - q = -3*o. Let i be ((-42)/(-10))/((-27)/u). What is the greatest common factor of 28 and i?
14
Let v be 18/(-6) - (-7)/1. Suppose -v*m - 122 = -2*y, 5*y + 0 = -m - 3. Let g = 68 + m. What is the greatest common divisor of g and 80?
40
Let l be ((-4)/(-6))/2*(-3 - -9). Suppose l*i - 121 = i + h, -2*i = 3*h - 252. What is the greatest common divisor of 164 and i?
41
Let r = 15270 + -14715. Calculate the highest common factor of r and 10730.
185
Let r(k) = 1 + 2 - 5 - 6*k. Let d be r(-2). Let h = -1523 + 1603. Calculate the highest common factor of h and d.
10
Let w = -64 + 492. Let b = 111 + w. What is the greatest common factor of b and 49?
49
Let y = 1374 - 492. Suppose -y*m + 1248 = -879*m. Calculate the highest common divisor of 26 and m.
26
Let z(m) = -34*m - 170. Let r be z(-5). Suppose p - 4*s = -p + 6, r = 5*p + 2*s - 3. Let a = 10 + -1. What is the highest common divisor of p and a?
1
Let l = -129 - -242. Suppose -2*q + 135 + l = 0. Calculate the highest common divisor of q and 12.
4
Let j be 3*-1 - 16/8. Let h be 3 - (((-3125)/(-5))/j + -2). What is the greatest common factor of h and 10?
10
Suppose 4*c - 1186*b - 6887 = -1185*b, -6845 = -4*c - 5*b. What is the greatest common factor of 520 and c?
40
Let g = -1100 - -1420. What is the highest common factor of g and 176?
16
Suppose 0 = 4*o - 118 + 122. Let n be (-6)/(-2) + o - -61. What is the highest common factor of n and 21?
21
Suppose -28*f + 533 + 16267 = 0. Calculate the highest common factor of 32 and f.
8
Let l(m) = -4*m - 42. Let h be 1/6*3*20. Suppose 12*f = h*f - 38. Let b be l(f). What is the highest common divisor of 17 and b?
17
Let j = -131 - -200. Let l = 31 + j. Let b(i) = 11*i - 2. Let s be b(2). What is the greatest common factor of l and s?
20
Let s = -2696 - -2712. Calculate the greatest common factor of s and 16.
16
Suppose 0 = -3767*z + 3796*z - 5684. What is the greatest common factor of z and 15092?
196
Let d = 2494 + -2126. Calculate the highest common divisor of d and 864.
16
Let t = 455 - 443. Suppose -o + 104 = 5*j, 2*j + 4*o + t = 68. Calculate the greatest common divisor of 800 and j.
20
Let g(p) = 4*p**2 + 11*p + 1. Let f be g(-4). Suppose -3*d - f = -10*d. Suppose d*i + 217 = 5*l + 22, 2*i = 0. Calculate the greatest common factor of l and 39.
39
Let u = -24367 + 24961. Let g be 2 + (39 - (0 + -3)). Calculate the greatest common divisor of u and g.
22
Let b = -184 - -170. Let m be ((-3)/4)/(b/1960). What is the greatest common factor of 15 and m?
15
Suppose -15*w - 2*g + 4 = -17*w, -3*w = -g + 2. Let q = 113 - 38. Let h = q - w. Calculate the greatest common divisor of h and 15.
15
Let o(b) = -b**2 + 13*b + 3. Let s be o(13). Let q be 10*((-4)/(-6) - (-1)/s). Calculate the greatest common divisor of q and 25.
5
Let k be (-4)/10 - (-804)/10. Let j be (-2)/12 + (-171)/(-324)*114. What is the highest common factor of j and k?
20
Let y = 5563 - 5451. Calculate the greatest common factor of 336 and y.
112
Let y(s) = 120*s - 7140. Let u be y(80). Calculate the highest common divisor of u and 36.
12
Suppose h + 733 = -5*v, h = 2*h + 3. Let s = -95 - v. Calculate the greatest common factor of 357 and s.
51
Let b(h) = 36*h**2 + 49*h - 170. Let v be b(-16). What is the greatest common divisor of 17 and v?
17
Let w(f) = -135*f**3 + 20*f**2 + 18*f - 31. Let d be w(-7). What is the highest common divisor of 344 and d?
344
Suppose -112*n + 45*n + 1568 = 45*n. What is the greatest common divisor of 952 and n?
14
Let d(p) = p**2 + 11*p + 3. Let f be d(8). Let i = -116 + f. What is the greatest common factor of 91 and i?
13
Suppose 80*i - 83*i - t = -3072, 2*i = t + 2053. Calculate the greatest common divisor of 325 and i.
25
Let h(x) = 49 - 7*x + 17 - 6*x + 20 + 114. Let i be h(10). Calculate the highest common divisor of i and 40.
10
Let d(o) = -6*o**3 - 52*o**2 - 10*o - 24. Let t be d(-11). What is the greatest common divisor of 320 and t?
20
Let q be 48/(-456) - (-4 + 2286/(-57)). What is the highest common factor of q and 3124?
44
Suppose 3*f = 30*f - 54. Suppose n + 2 = f*n, -r = -n - 528. Ca